{"id":483,"date":"2014-04-22T12:35:57","date_gmt":"2014-04-22T10:35:57","guid":{"rendered":"https:\/\/mapa-new.abakus.net.pl\/blog\/?page_id=483"},"modified":"2017-10-03T09:45:52","modified_gmt":"2017-10-03T07:45:52","slug":"atrybucja-i-licencje","status":"publish","type":"page","link":"https:\/\/mapa.abakus.net.pl\/blog\/?page_id=483","title":{"rendered":"Atrybucja i licencje"},"content":{"rendered":"<p>W ramach serwera AbakusOSM wykorzystano nast\u0119puj\u0105ce projekty:<\/p>\n<p>Dane <a href=\"http:\/\/osm.org\">OpenStreetMap<\/a> na licencji <a href=\"http:\/\/www.openstreetmap.org\/copyright\">ODbL<\/a>.<\/p>\n<p>Opracowanie kartograficzne: <a href=\"http:\/\/www.merkato.polineo.pl\/index.php\/o_mnie\/\">Tomasz Nycz<\/a>, Andrzej K\u0119pys<\/p>\n<p>Dane <a href=\"https:\/\/www.bdl.lasy.gov.pl\/portal\/\">Banku Danych o Lasach<\/a> w zakresie granic i numeracji oddzia\u0142\u00f3w le\u015bnych.<\/p>\n<p>Numeryczny model terenu:\u00a0 EU-DEM 1&#8243;<br \/>\nProduced using Copernicus data and information funded by the European Union &#8211; EU-DEM layers<br \/>\nThe Digital Elevation\u00a0 Model over Europe from the GMES RDA project (EU-DEM) is a Digital\u00a0 Surface Model (DSM) representing the first surface as illuminated by the\u00a0 sensors. The EU-DEM dataset is a realisation of the Copernicus\u00a0 programme, managed by the European Commission, DG Enterprise and\u00a0 Industry.<\/p>\n<p>http:\/\/www.eea.europa.eu\/data-and-maps\/data\/eu-dem#tab-metadata<\/p>\n<p>Opracowanie kartograficzne numerycznego modelu terenu: Tomasz Nycz, <a href=\"http:\/\/www.gis-support.pl\/\">GIS-Support Sp. z o.o<\/a> (link).<\/p>\n<p>Wizualizacja kartograficzna AbakusOSM obj\u0119ta jest licencj\u0105 <a href=\"http:\/\/creativecommons.org\/licenses\/by-nc-sa\/4.0\/\">CC-BY-NC-SA <\/a><\/p>\n","protected":false},"excerpt":{"rendered":"<p>W ramach serwera AbakusOSM wykorzystano nast\u0119puj\u0105ce projekty: Dane OpenStreetMap na licencji ODbL. Opracowanie kartograficzne: Tomasz Nycz, Andrzej K\u0119pys Dane Banku Danych o Lasach w zakresie granic i numeracji oddzia\u0142\u00f3w le\u015bnych. Numeryczny model terenu:\u00a0 EU-DEM 1&#8243; Produced using Copernicus data and information funded by the European Union &#8211; EU-DEM layers The \u2026 <a class=\"continue-reading-link\" href=\"https:\/\/mapa.abakus.net.pl\/blog\/?page_id=483\"> Continue reading <span class=\"meta-nav\">&rarr; <\/span><\/a><\/p>\n","protected":false},"author":4,"featured_media":0,"parent":0,"menu_order":0,"comment_status":"closed","ping_status":"closed","template":"","meta":[],"_links":{"self":[{"href":"https:\/\/mapa.abakus.net.pl\/blog\/index.php?rest_route=\/wp\/v2\/pages\/483"}],"collection":[{"href":"https:\/\/mapa.abakus.net.pl\/blog\/index.php?rest_route=\/wp\/v2\/pages"}],"about":[{"href":"https:\/\/mapa.abakus.net.pl\/blog\/index.php?rest_route=\/wp\/v2\/types\/page"}],"author":[{"embeddable":true,"href":"https:\/\/mapa.abakus.net.pl\/blog\/index.php?rest_route=\/wp\/v2\/users\/4"}],"replies":[{"embeddable":true,"href":"https:\/\/mapa.abakus.net.pl\/blog\/index.php?rest_route=%2Fwp%2Fv2%2Fcomments&post=483"}],"version-history":[{"count":5,"href":"https:\/\/mapa.abakus.net.pl\/blog\/index.php?rest_route=\/wp\/v2\/pages\/483\/revisions"}],"predecessor-version":[{"id":692,"href":"https:\/\/mapa.abakus.net.pl\/blog\/index.php?rest_route=\/wp\/v2\/pages\/483\/revisions\/692"}],"wp:attachment":[{"href":"https:\/\/mapa.abakus.net.pl\/blog\/index.php?rest_route=%2Fwp%2Fv2%2Fmedia&parent=483"}],"curies":[{"name":"wp","href":"https:\/\/api.w.org\/{rel}","templated":true}]}}