{"id":39,"date":"2013-08-19T15:48:07","date_gmt":"2013-08-19T13:48:07","guid":{"rendered":"https:\/\/mapa-new.abakus.net.pl\/blog\/?page_id=39"},"modified":"2013-09-03T15:41:05","modified_gmt":"2013-09-03T13:41:05","slug":"udoskonalanie-mapy","status":"publish","type":"page","link":"https:\/\/mapa.abakus.net.pl\/blog\/?page_id=39","title":{"rendered":"Mapa i jej dok\u0142adno\u015b\u0107"},"content":{"rendered":"<p style=\"text-align: justify;\"><a href=\"https:\/\/mapa-new.abakus.net.pl\/blog\/wp-content\/uploads\/2013\/08\/osm-przyklad-chojnice.png\"><img loading=\"lazy\" class=\"size-medium wp-image-190 alignleft\" style=\"border: 1px solid black;\" alt=\"osm-przyklad-chojnice\" src=\"https:\/\/mapa-new.abakus.net.pl\/blog\/wp-content\/uploads\/2013\/08\/osm-przyklad-chojnice-300x225.png\" width=\"322\" height=\"242\" srcset=\"https:\/\/mapa.abakus.net.pl\/blog\/wp-content\/uploads\/2013\/08\/osm-przyklad-chojnice-300x225.png 300w, https:\/\/mapa.abakus.net.pl\/blog\/wp-content\/uploads\/2013\/08\/osm-przyklad-chojnice-200x150.png 200w, https:\/\/mapa.abakus.net.pl\/blog\/wp-content\/uploads\/2013\/08\/osm-przyklad-chojnice.png 800w\" sizes=\"(max-width: 322px) 100vw, 322px\" \/><\/a>Mapa generowana przez serwer AbakusOSM oparta jest o dane projektu <a href=\"http:\/\/osm.org\/\">OpenStreetMap<\/a>, dlatego te\u017c dok\u0142adno\u015b\u0107 mapy w r\u00f3\u017cnych miejscach kraju mo\u017ce si\u0119 znacznie r\u00f3\u017cni\u0107. Na s\u0105siednich obrazkach mamy por\u00f3wnanie jako\u015bci i poziomu szczeg\u00f3\u0142owo\u015bci mapy w Chojnicach oraz J\u0119drzejowie (stan na lipiec 2013). Go\u0142ym okiem wida\u0107 r\u00f3\u017cnice w &#8220;jako\u015bci&#8221; informacji jakie prezentuje mapa. R\u00f3\u017cnice te najcz\u0119\u015bciej wynikaj\u0105 z tego, \u017ce w danej okolicy s\u0105 (lub nie ma) osoby zaanga\u017cowane w projekt OSM i &#8220;rysuj\u0105ce&#8221; map\u0119. Cz\u0119sto te\u017c, poziom szczeg\u00f3\u0142owo\u015bci mapy wynika z tego, \u017ce Urz\u0119dy Miast lub Starostwa Powiatowe, same, lub na wniosek stowarzyszenia OSM zdecydowa\u0142y si\u0119 przekaza\u0107 posiadane dane do u\u017cytku publicznego w ramach projektu OSM. Powy\u017csze cechy projektu OSM s\u0105 jednocze\u015bnie podstawow\u0105 zalet\u0105 korzystania z naszego rozwi\u0105zania &#8211; nie jeste\u015bmy skazani na tak\u0105 map\u0119 jak\u0105 zastali\u015bmy przy pierwszym kontakcie.<\/p>\n<blockquote><p>Co mo\u017cna zrobi\u0107 je\u015bli w interesuj\u0105cym nas regionie mapa jest niedok\u0142adna?<\/p><\/blockquote>\n<p style=\"text-align: justify;\"><a href=\"https:\/\/mapa-new.abakus.net.pl\/blog\/wp-content\/uploads\/2013\/08\/Jedrzejow.png\"><img loading=\"lazy\" class=\"wp-image-68 alignright\" style=\"border: 1px solid black;\" alt=\"Jedrzejow\" src=\"https:\/\/mapa-new.abakus.net.pl\/blog\/wp-content\/uploads\/2013\/08\/Jedrzejow.png\" width=\"398\" height=\"307\" srcset=\"https:\/\/mapa.abakus.net.pl\/blog\/wp-content\/uploads\/2013\/08\/Jedrzejow.png 819w, https:\/\/mapa.abakus.net.pl\/blog\/wp-content\/uploads\/2013\/08\/Jedrzejow-300x231.png 300w, https:\/\/mapa.abakus.net.pl\/blog\/wp-content\/uploads\/2013\/08\/Jedrzejow-194x150.png 194w\" sizes=\"(max-width: 398px) 100vw, 398px\" \/><\/a>Przede wszystkim zach\u0119camy aby do\u0142\u0105czy\u0107 do projektu OSM i samemu rozpocz\u0105\u0107 prac\u0119 z mapowaniem. Szeroki zestaw narz\u0119dzi, rozbudowane instrukcje, forum dyskusyjne pozwalaj\u0105 na stopniowe zapoznawanie si\u0119 z tajnikami projektu. Efekty w\u0142asnej pracy mo\u017cna obserwowa\u0107 od razu, bardzo cz\u0119sto inni u\u017cytkownicy z okolicy do\u0142\u0105czaj\u0105 si\u0119 i mo\u017cna wsp\u00f3lnie &#8220;rysowa\u0107&#8221; map\u0119.\u00a0 Je\u017celi jednak nie dysponujemy odpowiedni\u0105 ilo\u015bci\u0105 czasu czy umiej\u0119tno\u015bciami, b\u0105d\u017a te\u017c m\u0119czy nas wielogodzinna praca przed\u00a0 komputerem, mo\u017cna wspomaga\u0107 projekt innymi sposobami. W kolejnych artyku\u0142ach opisane s\u0105 \u017ar\u00f3d\u0142a i sposoby pozyskiwania danych kartograficznych oraz przyk\u0142ady ich realizacji.<\/p>\n<p>&nbsp;<\/p>\n","protected":false},"excerpt":{"rendered":"<p>Mapa generowana przez serwer AbakusOSM oparta jest o dane projektu OpenStreetMap, dlatego te\u017c dok\u0142adno\u015b\u0107 mapy w r\u00f3\u017cnych miejscach kraju mo\u017ce si\u0119 znacznie r\u00f3\u017cni\u0107. Na s\u0105siednich obrazkach mamy por\u00f3wnanie jako\u015bci i poziomu szczeg\u00f3\u0142owo\u015bci mapy w Chojnicach oraz J\u0119drzejowie (stan na lipiec 2013). Go\u0142ym okiem wida\u0107 r\u00f3\u017cnice w &#8220;jako\u015bci&#8221; informacji jakie prezentuje \u2026 <a class=\"continue-reading-link\" href=\"https:\/\/mapa.abakus.net.pl\/blog\/?page_id=39\"> Continue reading <span class=\"meta-nav\">&rarr; <\/span><\/a><\/p>\n","protected":false},"author":4,"featured_media":0,"parent":42,"menu_order":2,"comment_status":"closed","ping_status":"closed","template":"template-page-with-intro.php","meta":[],"_links":{"self":[{"href":"https:\/\/mapa.abakus.net.pl\/blog\/index.php?rest_route=\/wp\/v2\/pages\/39"}],"collection":[{"href":"https:\/\/mapa.abakus.net.pl\/blog\/index.php?rest_route=\/wp\/v2\/pages"}],"about":[{"href":"https:\/\/mapa.abakus.net.pl\/blog\/index.php?rest_route=\/wp\/v2\/types\/page"}],"author":[{"embeddable":true,"href":"https:\/\/mapa.abakus.net.pl\/blog\/index.php?rest_route=\/wp\/v2\/users\/4"}],"replies":[{"embeddable":true,"href":"https:\/\/mapa.abakus.net.pl\/blog\/index.php?rest_route=%2Fwp%2Fv2%2Fcomments&post=39"}],"version-history":[{"count":32,"href":"https:\/\/mapa.abakus.net.pl\/blog\/index.php?rest_route=\/wp\/v2\/pages\/39\/revisions"}],"predecessor-version":[{"id":202,"href":"https:\/\/mapa.abakus.net.pl\/blog\/index.php?rest_route=\/wp\/v2\/pages\/39\/revisions\/202"}],"up":[{"embeddable":true,"href":"https:\/\/mapa.abakus.net.pl\/blog\/index.php?rest_route=\/wp\/v2\/pages\/42"}],"wp:attachment":[{"href":"https:\/\/mapa.abakus.net.pl\/blog\/index.php?rest_route=%2Fwp%2Fv2%2Fmedia&parent=39"}],"curies":[{"name":"wp","href":"https:\/\/api.w.org\/{rel}","templated":true}]}}